6)/207).
23
Let y = 3 + 2. Suppose y*b = 2*k + 16, 3 = 4*k - 3*b + 7. What are the prime factors of k?
2
Let f = -6 - -9. Suppose -g = -f*g - 10. Let q(s) = -s**2 - 7*s - 6. What are the prime factors of q(g)?
2
Suppose -4*x + 2*x = -10. Suppose 0 = -i + 3*g + 23, -x*i + 2*g = 5*g - 79. What are the prime factors of i?
17
Let n(h) = h - 5*h + 2*h + h + 38. Let q be n(0). Suppose 3*j + q = 5*t, -2*t - 2 = -j - 17. What are the prime factors of t?
7
Let x = -102 - -192. Suppose -3*y - 2*y - x = 0. What are the prime factors of (1 - 35)*9/y?
17
Suppose 15 = 5*t - 5*v - 130, 72 = 2*t + 5*v. List the prime factors of t.
31
Let q be 6/(-2) - (-30 + 0). Let g = q - 18. What are the prime factors of g?
3
Let k(g) = 68*g**2 + g + 1. What are the prime factors of k(-1)?
2, 17
Let d = -65 - -131. What are the prime factors of d?
2, 3, 11
Suppose 2 = t + 2*b, -5*t - 4 = -4*b - 0. Suppose t*k = 5*r - 4*k - 165, -r - 5*k = -4. List the prime factors of r.
29
Let p be (1 + -2)*(-6 - -2). Suppose -p*i - i - w = -20, -w - 5 = 0. Suppose 5*u + 1 + 17 = -h, -i*h - 3*u = -20. What are the prime factors of h?
7
Suppose 2 = -3*s - 34. Let q = 33 + s. List the prime factors of q.
3, 7
Suppose 1 - 3 = -g. What are the prime factors of (g - 2/3)*9?
2, 3
Let s = -153 + 446. What are the prime factors of s?
293
Let p = -42 + 21. Let g = p + 54. Suppose -2*n - n + g = 0. What are the prime factors of n?
11
Let z(n) = 8*n - 10. Let i(o) = 9*o - 11. Let d(v) = 5*i(v) - 6*z(v). What are the prime factors of d(-5)?
2, 5
What are the prime factors of (1 - -1) + (-24)/(-4)?
2
Suppose 7 - 3 = 4*i. What are the prime factors of (1 - 2) + (i - -3)?
3
Let n(p) = p**3 + 6*p**2 - p - 4. Let f be n(-6). Suppose f*y - 4*y + 28 = 2*v, -5*y = -2*v - 42. Suppose 0 = -3*i + 5*i - y. What are the prime factors of i?
5
Suppose -46 = -7*w + 276. What are the prime factors of w?
2, 23
Suppose 12*s - 11*s = 92. List the prime factors of s.
2, 23
Let c(j) = 35*j - 7. What are the prime factors of c(2)?
3, 7
Suppose -2*g + 265 - 97 = 2*y, 2*g - 414 = -5*y. List the prime factors of y.
2, 41
Let n(j) = 2*j**2 - 9*j. What are the prime factors of n(6)?
2, 3
Suppose -i + 3*v - 31 = 0, -3*i - 2*v - 73 = -6*v. Let j = i + 47. List the prime factors of j.
2, 7
List the prime factors of (1 - 0) + 0 + 1.
2
Let r(u) = -13*u**3 + u. Suppose 3 = -2*n - n. What are the prime factors of r(n)?
2, 3
Let a be -1*3*(-14)/(-6). Let i = -1 - -1. Let m = i - a. What are the prime factors of m?
7
Let v = 60 - 28. List the prime factors of v.
2
Suppose -w + 0 + 3 = -a, 0 = 5*w - 2*a - 30. List the prime factors of (30/w)/((-9)/(-36)).
3, 5
Let i(s) = s**3 - 1. Let r(b) = 7*b**3 - b**2 - 5*b - 3. Let d(w) = -6*i(w) + r(w). What are the prime factors of d(4)?
31
Let u = 46 - -31. List the prime factors of u.
7, 11
Let o(f) = 6*f**2 + 6. List the prime factors of o(-3).
2, 3, 5
Let b = 155 - -55. List the prime factors of b.
2, 3, 5, 7
Let o(m) = 12*m. Let u be o(1). Let c be ((-8)/u)/(2/(-9)). Suppose -q = c*q - 40. What are the prime factors of q?
2, 5
Let q be (6/(-10))/(2/(-10)). Suppose -2*u - 7 = -1, q*u + 11 = -2*y. What are the prime factors of -3*(y - 14/6)?
2, 5
Let m = -101 - -190. Suppose 4*i = -5*n + 112 + m, 193 = 5*n + 2*i. Suppose 3*g + 2*g = o + 4, -2*o - 5*g + n = 0. List the prime factors of o.
11
Suppose 6 = -2*l, 3*v + 6 = 6*v - 3*l. Let o = v + 3. What are the prime factors of o?
2
Suppose -2*v + 30 = 8. List the prime factors of v.
11
Suppose 4*k + 3*w + 0 = 17, -3 = -k - w. Let q(f) = k + 7*f - f + 4*f - f**2. What are the prime factors of q(10)?
2
Suppose -5*w = 5*p - 10, 2*p - w = 8 + 2. Let c be p/10 - 201/15. Let i = -6 - c. What are the prime factors of i?
7
Suppose -19 = 2*a + 39. Let s = a - -57. List the prime factors of s.
2, 7
Let r(p) = 6*p**3 + 3. List the prime factors of r(2).
3, 17
Let w(i) = i - 7. Let m be w(-6). Let n = m - -27. List the prime factors of n.
2, 7
What are the prime factors of -4 + (-6)/4 + 910/4?
2, 3, 37
Let j be -2 - (-2*2 + 2). Suppose -w - 3*w = j. Suppose -2*y = -w*y - 14. List the prime factors of y.
7
Let o be ((-24)/(-60))/((-1)/(-5)). Let q(h) = -11*h. Let g be q(-1). Suppose 2*v - o*j = j + g, 4 = 4*j. What are the prime factors of v?
7
Let v = -5 - -11. Let b = 8 - v. List the prime factors of b.
2
Let d(r) = -r**3 + 14*r**2 - 11*r + 13. What are the prime factors of d(13)?
3, 13
Let h(k) = -k**2 + 6*k - 2. Let y be h(5). Let d be (-2)/(y/(-3)) + 47. Suppose 0*f = -2*f - 4*w + 2, 5*f - w = d. List the prime factors of f.
3
Let b be 1 - (2 + (-2 - -1)). Suppose 6*u - 2*u - 20 = b. What are the prime factors of u?
5
Let b(w) = 5*w**3 + w**2 + 6*w + 1. Let z(n) = -6*n**3 - 7*n - 1. Let x(c) = -5*b(c) - 4*z(c). What are the prime factors of x(-5)?
3
Suppose -6 = -5*f + 14. Suppose f*q - 54 = -6. Suppose 3 = 5*p - q. What are the prime factors of p?
3
Let z(f) = f - 4. Let v be z(6). Suppose -v*n - 3*l + 41 = 0, -n = l - 36 + 16. List the prime factors of n.
19
Suppose -v = 2*v - 4*n - 7, -3*v - 17 = 2*n. Suppose 2*p + 19 - 5 = 4*w, -3*w = -p - 6. What are the prime factors of (v - -2)/(1/p)?
3
Let f = 0 + 3. What are the prime factors of 10 - -1 - (1 - f)?
13
Let w = 170 - 26. List the prime factors of w.
2, 3
Let s(m) = -m + 14. Let i be s(8). List the prime factors of (16/i)/(1/12).
2
Let b(o) = -20*o - 1. Suppose 3 = 3*g - 6*g. What are the prime factors of b(g)?
19
Suppose y = 2*z - 1, -3*z - 4 = -2*y - 2. Let n = y - 5. Let b = n + 7. What are the prime factors of b?
3
Suppose -h - 5*t = -4*h + 50, -h - 2*t + 13 = 0. List the prime factors of (14/3)/(10/h).
7
Suppose -4*c + 124 + 104 = 0. List the prime factors of c.
3, 19
Suppose 4*j + 92 = 4*t, 7*t = 2*t - 5*j + 165. List the prime factors of t.
2, 7
Let y(x) be the second derivative of x**4/12 - x**3/2 - x**2/2 + 3*x. What are the prime factors of y(5)?
3
Suppose 3*d = -2*s - 37, -86 = 5*s - d + 2*d. Suppose 2*b = -2*b. What are the prime factors of s/(-3 + b - -2)?
17
What are the prime factors of (8/3)/((-6)/(-171))?
2, 19
Suppose -4*h - 12 - 12 = 0. What are the prime factors of 3/h*(-10 - 2)?
2, 3
Let z(p) = p**3 - 2*p**2 - p + 3. Let s be z(3). Suppose 0 = s*x - 13*x + 204. List the prime factors of x.
3, 17
Let h(r) = r**3 + 4*r**2 + 5*r + 4. Let k be h(-4). Let b = 28 + k. What are the prime factors of b?
2, 3
Let c be ((-24)/(-10))/(2/5). Let j(z) = c + 3*z**2 - 6*z**2 - 5*z + 2*z**2. List the prime factors of j(-5).
2, 3
Suppose -3*x + 148 = -695. What are the prime factors of x?
281
Let x = -6 + 17. Suppose -3*o + m + x + 26 = 0, -m - 23 = -2*o. List the prime factors of o.
2, 7
Let f(q) = 7*q - 4*q - 1 + 5. Let j be f(-6). Let m = j + 26. List the prime factors of m.
2, 3
Suppose 5*o + 4*x = 19, 2*o - 5*x - 3 = -2. What are the prime factors of o?
3
Let h = 34 + -19. Suppose h = -4*j + 71. List the prime factors of j.
2, 7
Suppose 35 = 32*k - 31*k. What are the prime factors of k?
5, 7
Let x(h) = h**3 + 10*h**2 - 2*h - 6. Let l be x(-10). Let k = -3 + 8. Suppose -2*i = -3*m + m - l, k*m + 25 = 0. List the prime factors of i.
2
Let g = -47 - -72. What are the prime factors of g?
5
Let s(i) = i**2 - 7*i + 8. Suppose 9 = 3*m - 3*o, 3*m - 3*o = 2*m - 3. What are the prime factors of s(m)?
2
Let d = -37 + 57. Suppose -p - 4*p = -d. List the prime factors of p/(-8) + 25/2.
2, 3
Let a(n) = 82*n - 6. List the prime factors of a(2).
2, 79
Let y(t) = t**2 + 2*t + 4. Let s be (-2 + 9/2)*-2. What are the prime factors of y(s)?
19
Suppose 3*m = -5 - 1. Let g be 1 + m - -67*1. Suppose g = 4*f + 26. What are the prime factors of f?
2, 5
Suppose -5*s = 4*d - 3*d - 87, -4*d - 2*s + 276 = 0. What are the prime factors of d?
67
Let v be (-2)/(-8) + 190/8. Suppose 2*d - v = -2*d. List the prime factors of 10*(3/d + 0).
5
Let u = 4 + 0. Suppose 6*k - d = k - 4, -u = -4*k - d. Suppose -4*q - 10 + 62 = k. List the prime factors of q.
13
Let q(a) = -a**2 - 16*a. List the prime factors of q(-8).
2
Let z = -89 - -189. What are the prime factors of z?
2, 5
Suppose -3*a + 30 = -a. List the prime factors of a.
3, 5
What are the prime factors of 3 - (0 + -31) - 1?
3, 11
Let y = -1 - 2. Let k be 39 - (1 + y + 1). Suppose k - 12 = 4*r. List the prime factors of r.
7
What are the prime factors of 16/(8/(-5) + 2)?
2